. Let v = 54 - k. Let n(h) = -3*h + 2. Determine n(v).
-4
Let s(q) = -27 - 23*q**2 - 95474*q**3 + 95473*q**3 - 26*q + 3. Calculate s(-22).
64
Let a(l) be the third derivative of 2*l**2 + 0*l + l**3 + 8 - 1/12*l**4. Give a(-9).
24
Let i = -4471 + 4476. Let d(z) = 3*z**2 - 19*z + 10. Give d(i).
-10
Let g(i) = 117 - 319 + 101 - i**3 + 117 + 7*i**2 + 7*i**2 - 49*i. What is g(7)?
16
Let t(d) be the first derivative of -11*d**3/3 + 9*d**2 + 200. Let h be t(1). Let m(j) = -3*j + 6. Determine m(h).
-15
Let k(o) = o**2 - 10. Let g(y) = 1. Let z(n) = -3*g(n) + k(n). What is z(7)?
36
Suppose 80 - 20 = 5*w. Let z(l) = l - 12. Determine z(w).
0
Let p(q) = -56 + 0*q + 119 - 90 + 5*q. Give p(11).
28
Let x(m) = 7*m - 16. Suppose -v - 4*p = 27, -5*v + 2*v - 4*p = 41. Give x(v).
-65
Let r be 4/((-9)/(-126)*-7). Let y(l) = 2*l**2 + 16*l - 14. Calculate y(r).
-14
Suppose 2*m - 3*m = -2. Let j(l) = l**2 + 14*l + 2. Let v be j(-14). Let b(q) = -2*q - 2*q**3 - q**v - 932 + 931 + 5*q**2. Give b(m).
-5
Let x(u) = -u**2 + 8*u + 1. Let f = -18 + 28. Suppose -2*r + 3*h = -46, -4*r - 5*h = r - 165. Suppose -f*a + r = -31. Calculate x(a).
13
Let x(h) = h**2 + 4*h + 1. Let b be (-56)/40 - (-5 - (-23)/5). Determine x(b).
-2
Let c(w) = 12*w**3 - 15*w**2 + 6*w - 13. Let n(q) = -17*q**3 + 22*q**2 - 8*q + 19. Let i(t) = 6*t + 353. Let b be i(-58). Let k(z) = b*n(z) + 7*c(z). Give k(4).
28
Let q(r) = 9*r**2 - 1. Let i = 2 + 37. Let s be 72/i + 1 - (-10)/65. Suppose c + w - 7 = -2*w, 7 = s*c + 2*w. Determine q(c).
8
Let o(l) be the second derivative of -l**5/10 + 21*l**4/4 + 17*l**3/3 - 29*l**2 + 21*l. Let y be o(32). Let t(n) = n**2 - 3*n - 5. What is t(y)?
13
Let s(k) = -8*k**3 + 29*k**2 - 35*k - 2. Let t(i) = -5*i**3 + 14*i**2 - 21*i. Let l(f) = 3*s(f) - 5*t(f). Calculate l(-17).
-6
Let i be 2*-3*6/9. Let q = 12 + i. Let m(v) = v - 2. Calculate m(q).
6
Let x(j) = j**2 + 13*j + 3. Let t(d) = 109*d**2 - 119*d + 2. Let l be t(1). What is x(l)?
-37
Let p(t) = -t**2 + 10*t - 12. Suppose -3*x + 9 = 3*b, 0*x + x - 4*b - 8 = 0. Let w be x/22 - (-22)/(-121). Suppose m - 1 = -3*f, m - 3*f - 19 = -w*f. Give p(m).
-12
Let y be (-8)/2 - 156/6. Let m be -8 - -11 - (y + 0 + -1). Let l(a) = -3*a**2 + m - 15 - 3*a - 20. Give l(-2).
-7
Let w(j) be the second derivative of -j**3/6 - 5*j**2/2 - 7*j. Let i(m) = -2*m**2 + 23*m + 466. Let k be i(22). What is w(k)?
-9
Suppose 26 + 13 = 5*q + 2*d, 4*q = d + 39. Let p(h) = 6*h. Give p(q).
54
Let g(y) be the first derivative of -3*y**2/2 + 12*y + 1. Suppose 91*q = 111*q + 100. Let r(w) = -4*w + 13. Let d(o) = q*r(o) + 6*g(o). Calculate d(-8).
-9
Let p(n) be the third derivative of n**5/60 - 11*n**4/24 - 19*n**3/6 + n**2 - 186*n + 3. What is p(10)?
-29
Let n(r) = -200*r - 998. Let w be n(-5). Let d(p) be the second derivative of -1/3*p**3 + 1/20*p**5 + 15*p + 0 - 1/2*p**4 + p**w. Calculate d(6).
-10
Let o(m) = m**2 + 13*m + 2. Let i be o(-1). Suppose 3*d + 0*d - 36 = 0. Let u = i + d. Let f(h) = h**2 - 2. Determine f(u).
2
Suppose 0 = -3*p - 13*p + 1792. Suppose -3*r = 11*r - p. Let d(k) = k**2 - 9*k + 9. Give d(r).
1
Let o(z) be the third derivative of -z**6/120 + 2*z**5/15 + 19*z**4/24 + 2*z**3/3 + 280*z**2. Give o(10).
-6
Let o(b) = -b**3 - 5*b**2 + 104*b - 6. Let h be o(8). Let j(y) = 4*y**2 + 25*y + 1. Calculate j(h).
-5
Let d be 3 + 2/(-1) + -2. Let v be 15/5 + (-15)/d. Suppose o + 3*m + v = 0, 4*m + 34 = -o - 2*o. Let f(x) = x**2 + 6*x + 7. What is f(o)?
7
Let f(l) = -2*l**2 - l**2 + 5 + 2*l**2 + 8*l. Let t(i) = -11*i + 166. Let x be t(15). Let v be (x + -2)/((-3)/21). Calculate f(v).
12
Let d(l) = -l - 3. Let s(g) = 3. Let k(p) = 2*d(p) + 3*s(p). Let n be ((-4)/(-10))/((-3)/(-30)). Suppose u - 17*z + 2 = -14*z, 0 = -4*u - n*z - 24. Give k(u).
13
Let y be (-15)/(-40) - 3/((-96)/(-428)). Let p(m) = -2*m**3 - 27*m**2 - 16*m - 44. Let x be p(y). Let i(l) = 3*l + 9. Give i(x).
-6
Let r(b) = -7*b**3 - 134*b**2 + 273*b + 27. Let g be r(-21). Let v(l) = l**3 - 26*l**2 - 30*l + 84. What is v(g)?
3
Let m(j) be the first derivative of -2*j**6/45 - j**5/120 - 13*j**3/3 + 21. Let r(v) be the third derivative of m(v). Suppose 4 = -5*b - 1. Give r(b).
-15
Let o(n) = -204*n - 54. Let s(q) = -545*q - 161. Let k(a) = -8*o(a) + 3*s(a). Give k(-14).
-9
Let h = -2277 + 2281. Let g(u) = u**2 - 10*u + 1. Determine g(h).
-23
Let l(y) = 8*y**2 + 6*y - 10. Let u(a) = 109*a - 2833. Let o be u(26). Calculate l(o).
4
Let u(j) be the first derivative of -j**4/4 + 7*j**3/3 - 9*j**2/2 + 13*j + 5095. Determine u(4).
25
Let w be 0 + (-1 + -1 - 10). Let z(p) = p**2 + 65*p + 1 - 4*p - 2 - 23*p - 9*p - 17*p. Determine z(w).
-1
Let x = 11 + -8. Let k(s) = -7*s + 7. Let d(g) = 30*g - 45. Let b(h) = h - 2. Let v(w) = -15*b(w) + d(w). Let n(y) = -9*k(y) - 4*v(y). Calculate n(x).
6
Suppose 0 = -l - 5*j - 153, -3*l + 0*l + 2*j - 544 = 0. Let z = -108 - l. Let c = z - 65. Let q(s) = s**3 - 5*s**2 + 5*s - 5. What is q(c)?
20
Let o(d) = -4*d**2 - 3*d + 1. Suppose 3*h = -6, l - 5*h = -4 + 16. Suppose -l*p = 19 - 21. What is o(p)?
-6
Suppose 4*j - 3*d + 43 = 0, 3*j + 4*d = j - 16. Let h(w) be the third derivative of w**6/120 + 3*w**5/20 - w**4/3 - w**3/6 + 28693*w**2. What is h(j)?
-21
Let i(h) = 71 - 201 + 65 - 3*h + 71. Let u be 6/(-4)*((-12 - -4) + 6). Give i(u).
-3
Let g = 1913 + -1917. Suppose -2 = 2*o - 0, 5*o = -4*y + 7. Let u(b) = -3*b**y - 2 + 4*b + 4*b**2 + 0*b**2 + 4*b**3 - 3*b. Calculate u(g).
-6
Let f be (-6)/(-18) - (-38)/(-6). Let x(v) be the first derivative of v**4/4 + 8*v**3/3 + 9*v**2/2 + v - 4181. What is x(f)?
19
Let w(d) = -12*d + 86. Suppose -1528*v = -1532*v + 28. Calculate w(v).
2
Let v(o) = 0*o**3 + 2 - 3*o**2 + 5*o + 4 - o**3. Let m(n) = -n + 137. Let y be m(64). Suppose -y + 101 = -7*r. Determine v(r).
2
Let x(w) = -2*w**2 - 4*w. Suppose 3*a - 3*o = 33, -2*o - 2*o = 16. Let q be 7 - (4 - (-1 - -8)). Let l = a - q. Give x(l).
-6
Let n(v) = 108 - v + 5*v - 9*v - 118 + 6*v. What is n(-19)?
-29
Let q(r) be the third derivative of r**5/60 + r**4/3 + 7*r**3/6 - 6*r**2. Let f be -7 - (36/9 + -5) - -1. What is q(f)?
-8
Let k(l) = l + 1. Suppose 4*m - 4 = -0*m, -5*m = p - 20. Suppose 0 = p*f - 5*f - 60. Suppose -s + 17 = 2*i - f*i, 2*s + 31 = -5*i. Determine k(s).
-2
Let b(r) be the third derivative of 1/3*r**4 - 63*r**2 + 1/120*r**6 - 1/2*r**3 + 2 + 0*r - 3/20*r**5. Give b(8).
-3
Let k(f) = -f**2 + f + 2. Let h = -15 - -17. Let w be k(h). Let z(l) be the third derivative of -l**5/60 + l**4/24 - 5*l**3/6 - 14*l**2. Calculate z(w).
-5
Let m(x) = 9*x - 1. Let y(w) = 8*w. Let t(a) = 5*m(a) - 6*y(a). Suppose 0 = -l + 6*l - 20. Let v(j) = j - 1. Let c(s) = l*v(s) - t(s). What is c(1)?
8
Let l(k) be the third derivative of k**5/60 - k**3/2 - 2*k**2. Suppose -n - 6 = 3*w, 321 = 2*n - w + 319. What is l(n)?
-3
Let g be (-2 + -2 + -1)*-1. Suppose 1 - 86 = -17*f. Suppose -2*b + 3*q = -18 + f, g*b = 2*q + 5. Let r(y) = 3*y - 1. What is r(b)?
-4
Let l be (84/(-18))/7*-3. Let q(n) = 19 - 57 - l*n + 34. Give q(6).
-16
Suppose 2*y + 15 = 11. Let o(u) = u**2 + 6*u - 4. Let c(l) = -l + 1. Let v(p) = 5*c(p) + o(p). Calculate v(y).
3
Suppose k = -0*k + 1. Let c(a) = a**2 - 334*a**3 - 336*a**3 + 690*a**3. Give c(k).
21
Let h(l) = -l**2 + 3*l + 6. Let q = -3322 + 3329. Give h(q).
-22
Let m = -26291 + 26296. Let v(q) be the second derivative of 3*q**2 + 24*q + 5/6*q**4 - 5/3*q**3 + 0 - 1/20*q**m. Calculate v(9).
-3
Let o(t) = -t - 7. Let m(v) = 2*v + 13. Let w(k) = 3*m(k) + 5*o(k). Give w(5).
9
Let m(t) = t - 9. Let b(n) = 11 - 7 - 6 + 12 - n. Let v(z) = 4*b(z) + 5*m(z). What is v(7)?
2
Let j be ((-7)/(-28))/(57/(-456)). Let k(q) = -6*q**2 + 21*q + 41. What is k(j)?
-25
Let m(k) be the second derivative of 237*k + 0 - 1/6*k**3 - 7/2*k**2. What is m(-10)?
3
Let l(j) = -j**3 + 77*j**2 + 154*j + 314. Let n be l(79). Let x(g) = -17*g**2 - g + 4. Determine x(n).
-62
Let d(w) be the first derivative of -w**2 - 22*w - 1315. Determine d(7).
-36
Suppose -13*o + 172 = 396 - 146. Let j(a) = 0*a - 13 - 3*a + 2*a. Calculate j(o).
-7
Let u(d) = d**2 - 19*d + 90. Let j be u(8). Let x(q) = q**3 - q + 2*q - 6*q**j - 27 + 5*q**2 - 2*q**3. What is x(0)?
-27
Let g(k) = 4753*k + 4782*k - 9562*k + 3*k**2 - 7 + 0 + 2. What is g(5)?
-65
Let i(h) = -2*h**3 - 143*h**2 + 0 - 4 + 146*h**2. Suppose -5*w + p = -14, 5*w + 